e (274/2)/(4 + (1 - 4)). Suppose -n + 55 + x = 0. List the prime factors of n.
2, 3
Let z = -1282 + 1838. What are the prime factors of z?
2, 139
Let c(o) = o. Let z(i) be the first derivative of 7*i**2/2 - 13*i + 5. Let g(j) = 6*c(j) - z(j). List the prime factors of g(6).
7
Suppose 33*y = 2*y + 90582. What are the prime factors of y?
2, 3, 487
Suppose -2709 = -9*r + 11016. What are the prime factors of r?
5, 61
Let s(a) = -1 + a + 0*a + a - a. Let i be s(8). Suppose g - i = 11. List the prime factors of g.
2, 3
Let t be (-1746)/(-12)*4/(-6). Let o = 115 - t. List the prime factors of o.
2, 53
Suppose 3*i = -9, -9*i + 6*i = 3*n - 522. What are the prime factors of n?
3, 59
Suppose 3*b - 5*a - 644 = -0*b, -4*a = -2*b + 432. What are the prime factors of b?
2, 13
Suppose 7*d + 126 + 147 = 0. List the prime factors of (7065/d + 2/13)*-1.
181
Suppose 1304 - 489 = 5*a. Let q = -77 + a. What are the prime factors of q?
2, 43
Suppose 4*x = 2 + 142. Let a = 38 - x. Suppose a*d - 249 = -93. List the prime factors of d.
2, 3, 13
Suppose h + 2*h - 12 = 0, 5*h = -4*v + 1824. List the prime factors of v.
11, 41
Let j be 5*(16/4)/4. Suppose -j*y - 3 = -13. What are the prime factors of (0 + -12)/((-3)/y)?
2
Suppose -w = w + 4*m + 14, w - 5 = m. List the prime factors of (-4)/8*w - 73/(-2).
2, 3
List the prime factors of 3*434/21 + 6.
2, 17
Suppose 78 = 2*r + 4*t, -5*r = -0*t - 5*t - 135. Suppose 2*q - s + 12 = 49, 0 = -q + 3*s + r. List the prime factors of q.
2
What are the prime factors of (-4)/(4/16 + 19/(-74))?
2, 37
What are the prime factors of 1*1/((-2)/(-514))?
257
Suppose 0 = 3*p - 2*p - 4, -m + 981 = -3*p. List the prime factors of m.
3, 331
Let j = 354 + -148. Suppose 2*h - j = -0*h. List the prime factors of h.
103
Let u(t) = -3 - 18 + 8*t - 1. What are the prime factors of u(9)?
2, 5
Let v be 9/((-81)/(-6)) + 1893/9. Suppose 0*l - l + 240 = 5*g, -v = -4*g + 3*l. List the prime factors of g.
7
Suppose 0 = 5*a - 4*g - 4842 - 3978, 1778 = a + 2*g. List the prime factors of a.
2, 13, 17
Let k = 30 - 32. What are the prime factors of (-2 + k - -23)/1?
19
Suppose 0 = -47*n + 32377 + 73326. List the prime factors of n.
13, 173
Let t(y) be the third derivative of 0*y - 5/3*y**3 + 0 - 1/3*y**4 - 7*y**2. What are the prime factors of t(-4)?
2, 11
Let v be (16 + -21)*20/2. Let b = v - 25. What are the prime factors of 309/5 - 15/b?
2, 31
What are the prime factors of -12 - (-5 - 2) - (-3 - 592)?
2, 5, 59
Let t = -14 + 31. Suppose t + 79 = 2*q. List the prime factors of q.
2, 3
Suppose 0 = 2*i - 4*i. Suppose 2*o - 15 = -o, 4*w - 4*o - 52 = i. List the prime factors of w.
2, 3
What are the prime factors of -3*2/3 - (21 - 486)?
463
Suppose -5*s - 4*d = -161, -4*s = d - 0*d - 131. Suppose 0 = h + 2*k - s, -h - 5*k + 42 = -0*h. List the prime factors of h.
3
Let p be -1 - (1 - -4)/5. List the prime factors of p + (-1)/((-3)/267).
3, 29
Let t(f) = f**2 + 7*f + 1. Let u be t(-6). Let k(b) = b + 12. Let w be k(u). List the prime factors of (-42)/12*(-20)/w.
2, 5
Let x(p) = 9*p**2 - 112*p + 28. List the prime factors of x(13).
3, 31
Suppose -4*t - 92 = -2*h + 174, 740 = 5*h + 5*t. Let k = h - 102. What are the prime factors of k?
41
Let z = 182 + -63. Suppose 3*q = 3*u - 171, 4*u + 5*q = z + 82. What are the prime factors of u?
2, 3
Suppose 5*w + 898 = 5*h + 3463, 0 = -4*h - 8. Suppose w = 3*f - 2*g + 25, -f + 4*g + 152 = 0. List the prime factors of f.
2, 41
Let z = 11 + -1. Let i be (-2)/(-4)*(z + -4). Suppose 0 = y - i*y + 86. List the prime factors of y.
43
Let v = 1293 + -270. What are the prime factors of v?
3, 11, 31
Suppose -3*n + 7*n + 5*m = 5071, -10 = 2*m. List the prime factors of n.
2, 7, 13
Let m(s) = 5*s**2 - 3*s + 15. Let w be m(-5). Suppose w = 5*n - 145. What are the prime factors of n?
2, 3, 5
Let p be (3 - 0)*(2 - 1). Suppose -3*d = p, 3*v - 3*d + 127 = -4*d. What are the prime factors of (-2 - -3) + v/(-3)?
3, 5
Let q = 7 + -7. Suppose 0 = -q*r - 2*r + 4. Suppose -r*n = -4*n + 46. List the prime factors of n.
23
Let s be (1 + 3)*(38 + -2). Suppose 5*w - s = 2*w. Suppose 0 = -9*p + 7*p + w. What are the prime factors of p?
2, 3
Let f = 3489 - 1703. List the prime factors of f.
2, 19, 47
Let l be 15/(-10) + 62/4. Suppose -b - l + 3 = 0. Let n = -8 - b. What are the prime factors of n?
3
Let h = 97 - 60. Let k = 70 - h. List the prime factors of k.
3, 11
Let v(u) = -11*u + 7. Let n(y) = y + 1. Let x(r) = -4*n(r) - v(r). List the prime factors of x(10).
59
Let w be (25 + -1)*1/2. Let x = 5 - -9. Suppose 22 = -w*u + x*u. List the prime factors of u.
11
Let g(p) = -17*p - 23. Let l be g(-14). Suppose 85 = -3*h + 4*b - l, 2*h = 3*b - 199. Let d = -55 - h. List the prime factors of d.
7
Let o = -5 - -11. Suppose 2*r + 177 = 181. What are the prime factors of 44/o*3/r?
11
Suppose -31*n + 10 = -26*n, 3*p - 3*n = 15672. List the prime factors of p.
2, 3, 13, 67
Let l be ((-420)/(-45))/((-2)/(-3)). Let x = 59 + l. What are the prime factors of x?
73
List the prime factors of (4 - 1)*(-37)/(-3).
37
Let d = -1700 - -4494. List the prime factors of d/99 - 4/18.
2, 7
List the prime factors of -12 + (-254930)/(-247) + (-4)/38.
2, 3, 5, 17
Let g(k) = 2*k**3 - 11*k**2 - 7*k + 11. List the prime factors of g(6).
5
Let s be 11 - (0 + 16/(-4) - -1). What are the prime factors of (281/2)/1 + (-7)/s?
2, 5, 7
Suppose -g - 2 = 2*g + 5*l, -5*g = -3*l - 42. Suppose -5*q = y + 10, -2*q - g = -0*q. What are the prime factors of y/10 + 113/2?
3, 19
Let g(t) = t**3 - 3*t**2 - 4*t - 3. Let p be g(4). Let x(c) = c**3 + 6*c**2 - 2*c - 1. Let a be x(p). Suppose 6*k - 152 = -a. What are the prime factors of k?
2, 5
Suppose 4*w + 5147 = 7*w - 5*c, -2*w - 4*c = -3468. What are the prime factors of w?
2, 431
Suppose -m + 12 = 7. Suppose 0 = -m*u - 278 + 838. What are the prime factors of u?
2, 7
Let m be -4 + ((-1 + 1)/4 - -3). Let f = m - -60. List the prime factors of f.
59
Let y(o) = o**3 + 9*o**2 + 10*o + 15. Let c(h) = -7*h**2 - 3*h - 2. Let v be c(-1). Let f be y(v). Let i = -35 + f. What are the prime factors of i?
2, 7
Suppose 0 = -5*l + 7*l - 10. Suppose l*o - 22 = m, 0*o - 4*o + 20 = 0. What are the prime factors of m?
3
Let q(a) = -14*a - 32. List the prime factors of q(-12).
2, 17
Let z be (4 + -2)/((-1)/(-1)). Suppose z*y + 3*q + 24 - 9 = 0, 20 = -4*q. Suppose 3 = x, -3*m + 0*m - 2*x + 63 = y. List the prime factors of m.
19
Suppose 2*q + 4 = -3*w, -5*q + 7*w - 3*w - 10 = 0. What are the prime factors of 104 - (q - (-3 + 3))?
2, 53
Suppose -40093 = -48*b + 9971. What are the prime factors of b?
7, 149
Suppose 0 = -2*k + 4. Suppose -3*a - y = -7*a - 69, 2*a + 42 = k*y. Let r = -10 - a. What are the prime factors of r?
2, 3
Let w = -7 + 9. Suppose g + 4*y = 141, 5*g - 5*y = -w*y + 820. What are the prime factors of g?
7, 23
Suppose p - 8 = 3*v - p, 3*v - 2 = 4*p. Let o be 66/14 + v/(-21). Suppose -3*g = o*h - 186, -2*g - 149 = -4*g + 5*h. What are the prime factors of g?
67
Suppose g - 6 = -2*g. Suppose 51 = c + g*c. What are the prime factors of c?
17
Let a be (-26)/10 + 6/(-15). Let b(y) be the first derivative of y**3/3 + y**2/2 + y + 151. What are the prime factors of b(a)?
7
Suppose 5*f - 29 = 3*h, -4*f + 4*h + 26 = 3*h. What are the prime factors of f?
7
What are the prime factors of 700 - (-5 - 4 - -6)?
19, 37
Suppose -3*j + 405 + 443 = -2*b, 4*j + 4*b - 1124 = 0. Suppose 0 = -3*a - 2*c + j, a - 4*c + 196 = 3*a. What are the prime factors of a?
2, 23
Let p be 12/36 - 1/3. Suppose -2*s + 29 + 39 = p. What are the prime factors of 5/25 - s/(-5)?
7
Suppose -j = 20 - 300. List the prime factors of j.
2, 5, 7
Suppose n = -3*n - 8, 0 = 4*m - 5*n - 46. Suppose 7*o - m = 4*o. Suppose 65 = o*t - 49. List the prime factors of t.
2, 19
Let g(p) = p**3 + p**2 + p - 500. Let i be g(0). Let r be i/(-6)*18/(-15). What are the prime factors of r/(-7) + (-14)/49?
2, 7
Suppose 4*b - 559 = 341. Let r = 0 - b. What are the prime factors of ((-4)/(-6))/((-6)/r)?
5
Let u(q) = -q**3 + 8*q**2 + 11*q - 23. What are the prime factors of u(7)?
103
Let x(u) = -u**3 - 25 - 5*u + u - 12*u**2 + 12. Let j(t) = t**3 + 13*t**2 + 3*t + 14. Let n(i) = 5*j(i) + 6*x(i). What are the prime factors of n(-6)?
2, 5
Let p be (-2)/(-11) + 4123/11. Let c = p - 249. What are the prime factors of c?
2, 3,